**2 + 1. Let v be d(-1). Let p be 18/24*v*4. Calculate the greatest common divisor of z and p.
3
Let t = 11 + 31. What is the greatest common factor of 21 and t?
21
Let o be 78/4 + 1/2. Suppose w = b + 1, -5*b + 30 = 5*w - 15. Calculate the highest common factor of w and o.
5
Let v(a) = -a**2 + 7*a - 5. Let s be v(7). Let q = s + 8. Suppose -83 + 5 = -q*k. What is the highest common factor of 39 and k?
13
Let r(a) = 8*a + 8. Let h be r(12). Calculate the highest common divisor of h and 13.
13
Let v(s) = -s - 4. Let x be v(-9). Suppose -x = -l - 1. Suppose -g + l*g - 27 = 3*n, -3*g - 2*n = -42. Calculate the greatest common factor of 96 and g.
12
Let h(a) = a + 6. Let i(y) = -y + 3. Let q be i(-4). Let p be h(q). Calculate the highest common factor of 13 and p.
13
Let f(x) = 2 - x**3 - 4*x + 4 - 8*x**2 - 4*x. Let j be f(-6). Let b = -7 - j. What is the greatest common factor of 11 and b?
11
Suppose 74 = 5*t - 61. Let p be 8/4*(t - 1). Suppose -4*k + 5*q + 32 = 0, 2*k = -5*q + 7 + 39. Calculate the highest common factor of k and p.
13
Suppose 6*k + 3*t - 7 = 2*k, 5*k = t + 4. Calculate the greatest common divisor of 19 and k.
1
Let r = 11 - 6. Suppose -n - r*f = n - 35, -5*n + 2*f = -44. Let c be (12/n)/((-4)/(-100)). What is the highest common factor of c and 15?
15
Suppose 15 + 13 = 4*a - 4*m, 2*m = -3*a + 21. Calculate the greatest common divisor of a and 63.
7
Suppose 2*g - 26 = 10. Calculate the greatest common divisor of 72 and g.
18
Suppose 0 = 2*p - 4*p + 26. Calculate the highest common factor of p and 52.
13
Let g be (1 + -5)*414/(-36). Suppose 386 = 5*i + g. What is the greatest common factor of 17 and i?
17
Suppose 5*j + b - 9 = 0, -5*b - 9 = -j - 2. Let q = 4 + j. Calculate the highest common factor of q and 24.
6
Let s(h) = -h**3 + 5*h**2 + h - 2. Let v be s(5). Suppose 0 = -5*c - 5 - 5. Let l be (-1 + c + 2)*-24. Calculate the highest common factor of v and l.
3
Suppose -8 = -2*p, -6*u = -7*u - 5*p + 19. Let z be 10 - (u + -1 - 0). Calculate the highest common divisor of 36 and z.
12
Let n = -6 + 4. Let t = n + -6. Let q be (-20)/t*8/2. What is the greatest common factor of q and 25?
5
Suppose -b = 2*b + 12. Let w be 5*b/(-10)*1. Let k be (-9)/w*176/(-12). Calculate the highest common factor of 44 and k.
22
Let z(o) = -o**3 + 9*o**2 - 8*o - 10. Let s = -14 + 21. Let k be z(s). Let x = -4 - -8. Calculate the highest common factor of k and x.
4
Let c be -162*2/4*-3. Let x = -90 + 117. What is the highest common divisor of x and c?
27
Let t = -13 + 3. Let a(u) = -u**3 - 10*u**2 - 3*u - 12. Let q be a(t). Suppose 3*r - q = r. Calculate the highest common factor of r and 18.
9
Let y be ((-4)/3)/((-1)/15). Let d = -94 - -254. Calculate the greatest common factor of d and y.
20
Let f = 56 - 44. What is the greatest common factor of 204 and f?
12
Let b be (-10)/(-35) - (-1256)/14. What is the highest common divisor of b and 9?
9
Suppose 3*x + 4*o = 56, o = -4*o - 5. Suppose a = -0*a - 4, 3*a = 2*k - x. What is the highest common divisor of k and 32?
4
Suppose 7 = -5*o + 2. Let w = o - -4. Suppose l + 20 = w*l. What is the greatest common divisor of 10 and l?
10
Let y(v) = v**2 + 8*v - 1. Let q be y(-8). Let o be (q/(-1) - -18) + -3. Calculate the highest common factor of 16 and o.
16
Let b be 2/(12/255)*(-16)/(-5). What is the highest common divisor of 34 and b?
34
Let u(q) = -q**2 - q - 5. Let d be u(0). Let y(p) = -2*p + 5. Let x be y(d). Calculate the highest common divisor of x and 10.
5
Suppose -a + 32 = a. Let f = -110 + 254. Calculate the greatest common divisor of f and a.
16
Let h be 18*(-2 + 5/2). Suppose f + 3 = 6. Suppose o + f*o + 32 = s, 2*s = 5*o + 67. What is the highest common factor of s and h?
9
Let a be 3*2/15*20. Suppose -3*z - 1 = -4*z. Calculate the greatest common factor of a and z.
1
Let n be (-374)/(-10) + (-6)/(-10). Calculate the greatest common divisor of n and 19.
19
Suppose -a + 3*a - 3*p - 35 = 0, -a - 3*p + 13 = 0. What is the greatest common factor of a and 128?
16
Suppose -3*j + 6*j - 6 = 0. Suppose 3*n - 2*n + 13 = 5*w, -j*n - 2*w = -22. Let r(k) = -k - 3. Let i be r(-10). Calculate the highest common factor of n and i.
7
Let o = -18 - -33. Suppose 0 = h - 6*h + o. Suppose 0 = h*a - 15 - 12. Calculate the greatest common divisor of a and 81.
9
Suppose 16 = w + 3*p, -5*p - 20 = -3*w - 0. What is the greatest common divisor of 160 and w?
10
Let h = -11 - -17. Let l be 64/6*9/h. What is the greatest common divisor of l and 112?
16
Let c = 2 - -4. Let v be (4/c)/((-8)/(-72)). Suppose -s - 5*p + 14 = -v, 3*p = -3*s + 60. What is the highest common divisor of 20 and s?
20
Suppose 0*v + 2*v = -6, -2*i = -4*v - 16. Suppose 6*m - i*m = 36. Let t = m - 0. Calculate the highest common divisor of 36 and t.
9
Let a = 14 - -94. What is the greatest common factor of a and 12?
12
Let j be 27/2*2*3. Suppose 5*w - j = 1129. Calculate the highest common divisor of w and 22.
22
Let l be ((-27)/(-12))/((-2)/(-8)). Suppose -2 = o - 7. Suppose o*t - 4*t - 36 = 0. Calculate the greatest common factor of l and t.
9
Suppose 0 = 3*u - 4*j + 401 + 379, -3*j - 1271 = 5*u. Let n = -76 - u. Let m be (-316)/(-16) + (-2)/(-8). What is the greatest common divisor of n and m?
20
Let u = 34 - 21. Let v = 25 - 12. Calculate the highest common divisor of u and v.
13
Let a(w) be the first derivative of w**4/4 + 5*w**3/3 - w**2/2 + 5*w - 1. Let h be a(-5). What is the highest common factor of h and 15?
5
Let i(v) = -11*v + 3. Suppose x + 4*l = 2, x - 4*l = 4*x + 10. Let w be i(x). What is the greatest common factor of w and 46?
23
Let o be 4 + (-2 - (5 + -11)). Calculate the highest common divisor of o and 64.
8
Let g(n) = -n**2 - 22*n - 16. Let y be g(-8). What is the highest common factor of y and 64?
32
Suppose -6*n + 36 = -4*n. Suppose -3*h + 26 + 1 = 0. What is the greatest common divisor of h and n?
9
Let d = -32 - -19. Let q be -2 + (-2 - -2) - d. Suppose z - 2*o - 62 = 0, 2*z - 9*o - 122 = -4*o. What is the highest common divisor of z and q?
11
Suppose -6*x = -5*x + 4*v + 8, 0 = 4*x + 5*v - 12. Calculate the greatest common factor of 88 and x.
8
Suppose 2*j - 74 = -0*j. Let g = j + -23. Let m = -63 - -91. Calculate the highest common divisor of m and g.
14
Let d = -5 + 9. Calculate the greatest common factor of d and 2.
2
Let h(r) = 7*r**2 + r - 1. Let q be h(1). Suppose -l = 9 - 30. What is the highest common factor of q and l?
7
Let j(o) = -o + 32. Let p be j(-3). Calculate the highest common divisor of 5 and p.
5
Suppose 6*n - n = 50. What is the highest common factor of 20 and n?
10
Suppose 2*d - 6 = -0. Let u be d/(-2) - (-7)/2. Let r = u + 11. What is the highest common factor of r and 26?
13
Suppose -3*s + 9*s - 30 = 0. What is the greatest common divisor of 15 and s?
5
Let r(d) = -2*d + 2. Let m be r(-5). Calculate the highest common divisor of m and 8.
4
Let j = 18 + -29. Let g = j - -23. What is the greatest common factor of 6 and g?
6
Suppose -8 = -4*l + 4. Suppose -5*h = -l*p + 2, -2*p - 5*h = -14 - 4. Suppose a = 0, 2*t - p*a - 33 = -t. What is the highest common factor of t and 99?
11
Suppose 0 = 2*s - 5*c - 46, -69 = 3*s - 6*s + 2*c. What is the highest common factor of 207 and s?
23
Let f be 12/(-18)*(-2 + -58). Suppose -2*r = -4*x - f, -4*x = 4 + 16. What is the greatest common factor of r and 2?
2
Suppose -171 + 63 = -6*c. Calculate the greatest common divisor of 72 and c.
18
Let h be (4/6)/((-1)/(-3)). Suppose 0 = i + 3*a - 20, -h*a - a = -6. What is the highest common factor of i and 56?
14
Let r be (-2)/2 - -5*1. Suppose -r*v = 4*w - 132, -4*v + 105 = -0*v - 5*w. Calculate the highest common factor of v and 45.
15
Let u be (1 - 33/27) + 11/9. Calculate the highest common divisor of 1 and u.
1
Let d(u) = 2*u**2 + 8*u - 3. Let b be d(-7). Let p be b*3/((-9)/(-2)). Let n be ((-6)/3)/((-2)/39). Calculate the highest common factor of p and n.
13
Let c(g) = 4 - 13*g - 4 - 2 - 3. Let t be c(-8). Calculate the greatest common factor of 11 and t.
11
Let x = 9 + -16. Let t be (-58)/(-4) - x/(-14). Calculate the highest common factor of t and 42.
14
Let t(a) = 9*a**2 - 2*a - 1. Suppose -3 - 1 = 4*s. Let d be t(s). What is the highest common factor of 15 and d?
5
Let x(l) = -53*l**3 - l. Let q be x(-1). Let d = q - 29. L